?
True
Is 351477671 a composite number?
True
Is 15154918153 a composite number?
True
Is 2686013881 composite?
True
Is 528684817 prime?
False
Is 6828384473 a composite number?
False
Is 237209542 a composite number?
True
Is 17201827031 a prime number?
False
Is 1358387557 prime?
True
Is 2842329293 prime?
True
Is 3657019 prime?
False
Is 99062707 a composite number?
True
Is 126855755993 a composite number?
True
Is 1261614647 prime?
True
Is 335388799 a composite number?
True
Is 18282899 a prime number?
True
Is 229266929 composite?
False
Is 20107218479 a composite number?
False
Is 1262723617 composite?
True
Is 1719718991 composite?
False
Is 1851701041 composite?
True
Is 35165279251 a composite number?
False
Is 537974363 a prime number?
True
Is 139339801 a composite number?
True
Is 21303474098 prime?
False
Is 14217396671 prime?
False
Is 5133289981 a composite number?
False
Is 49501453 a prime number?
True
Is 2772546793 prime?
True
Is 160467187 a composite number?
True
Is 5420921617 prime?
True
Is 11757050941 a prime number?
False
Is 95348693129 prime?
False
Is 32785601557 prime?
True
Is 821816207 prime?
True
Is 1307403563 composite?
False
Is 2049091049 prime?
True
Is 1490592947 a prime number?
False
Is 38624708851 a composite number?
True
Is 107562275759 prime?
True
Is 5733557813 a composite number?
True
Is 11511552623 composite?
False
Is 1162837457 composite?
False
Is 11787983 a prime number?
False
Is 59494544227 prime?
True
Is 115481167 a composite number?
True
Is 49071067 a prime number?
False
Is 18101641 composite?
True
Is 30451265093 a composite number?
False
Is 134508894959 a prime number?
True
Is 836219695 composite?
True
Is 3428787931 a composite number?
False
Is 1115381689 composite?
True
Is 701536122403 a prime number?
True
Is 6610285001 composite?
True
Is 32661473093 a prime number?
False
Is 14801516597 prime?
False
Is 2469351746 a prime number?
False
Is 1956283927 a prime number?
False
Is 198310099 a composite number?
True
Is 25625989085 a composite number?
True
Is 407778061 a prime number?
False
Is 17363294623 prime?
False
Is 8856515561 composite?
True
Is 533188103 composite?
True
Is 2520604147 composite?
False
Is 778155187 prime?
True
Is 1710509719 composite?
True
Is 1086509257 a prime number?
False
Is 3196276547 a prime number?
True
Is 2531520241 prime?
True
Is 759272273 prime?
True
Is 342336705401 a composite number?
False
Is 51024628709 prime?
False
Is 2309853387 composite?
True
Is 882471973 a composite number?
False
Is 22657937761 composite?
True
Is 102669527239 a composite number?
False
Is 3249095809 composite?
True
Is 5554259281 prime?
False
Is 30465367 a composite number?
False
Is 2481071311 a composite number?
True
Is 3248213693 composite?
True
Is 4104712207 composite?
False
Is 8452027823 a composite number?
True
Is 127550989 a composite number?
True
Is 14905824431 a prime number?
True
Is 39773264741 prime?
False
Is 191752051 composite?
False
Is 2935549167 composite?
True
Is 15690551921 composite?
True
Is 29260567247 a prime number?
True
Is 12040499 a prime number?
False
Is 82397309 a composite number?
False
Is 103922369 composite?
False
Is 9526385915 composite?
True
Is 2903338069 composite?
False
Is 78021138161 prime?
False
Is 18107039669 a prime number?
True
Is 1206608449 prime?
True
Is 258921317 composite?
False
Is 2158666829 composite?
True
Is 1890177253 a prime number?
True
Is 41892206557 composite?
False
Is 115427212655 a composite number?
True
Is 43420188791 a prime number?
False
Is 32017328851 prime?
True
Is 227223457 a composite number?
False
Is 615908203 prime?
True
Is 5641540543 composite?
False
Is 327934037 composite?
True
Is 34650338431 a prime number?
False
Is 28725387947 composite?
False
Is 334095473 a prime number?
True
Is 194917189 prime?
False
Is 37567298749 composite?
True
Is 65158269923 a composite number?
False
Is 106844673743 composite?
True
Is 20699113987 a composite number?
False
Is 704586110545 a composite number?
True
Is 587018093 prime?
True
Is 6440343061 a prime number?
False
Is 433094257589 composite?
True
Is 1892914061 a prime number?
False
Is 433027651249 a composite number?
True
Is 87271531 composite?
True
Is 287845417 prime?
False
Is 41125514453 prime?
False
Is 117796626329 a prime number?
True
Is 247243373 composite?
True
Is 5524265157 prime?
False
Is 173739899 a composite number?
True
Is 219332727223 composite?
False
Is 1479373939 composite?
False
Is 89630850403 prime?
True
Is 194202413 a composite number?
True
Is 1676479537 composite?
True
Is 995864147 prime?
False
Is 8653187863 a prime number?
True
Is 12075827551 a prime number?
True
Is 108067187 composite?
True
Is 1461526411 prime?
False
Is 50548065197 a prime number?
False
Is 75328423 prime?
False
Is 826044529 composite?
False
Is 10353306521 prime?
False
Is 32422239139 a composite number?
True
Is 1391039123 a composite number?
True
Is 14118450109 a composite number?
True
Is 32054455353 a prime number?
False
Is 167434073 a composite number?
False
Is 18087481201 a composite number?
False
Is 1152460273 composite?
False
Is 51913727683 prime?
False
Is 74028623 prime?
False
Is 9983294 a prime number?
False
Is 12914512541 composite?
True
Is 11004359621 a composite number?
False
Is 6421491641 prime?
True
Is 435754409 a prime number?
True
Is 13402644797 a prime number?
False
Is 853307069 composite?
False
Is 6539559083 composite?
False
Is 49523953051 a composite number?
True
Is 7546586777 composite?
True
Is 73335847999 composite?
True
Is 114660099161 a prime number?
True
Is 31800287977 a composite number?
False
Is 25731462707 composite?
False
Is 127504441 a prime number?
True
Is 467421023 a composite number?
False
Is 3234561373 a composite number?
False
Is 116270227949 prime?
False
Is 54777974177 composite?
False
Is 1463454361 prime?
False
Is 141802891 composite?
False
Is 971203087 prime?
False
Is 211842679 a prime number?
True
Is 50957614933 a composite number?
True
Is 1100805683 a prime number?
True
Is 3838544791 prime?
True
Is 45339936217 a composite number?
True
Is 11873008517 a composite number?
False
Is 979874261 prime?
False
Is 8159549953 a prime number?
True
Is 66303641 prime?
False
Is 1743128461 composite?
True
Is 1444421171 composite?
True
Is 2359956479 prime?
True
Is 50193631 composite?
False
Is 46762409 prime?
False
Is 1361744759 a composite number?
False
Is 571551143 prime?
False
Is 5076839069 a composite number?
False
Is 749266933 composite?
False
Is 1211324899 a prime number?
True
Is 3120346703 prime?
False
Is 271036173641 prime?
False
Is 44163061951 composite?
True
Is 147774529 prime?
False
Is 16219468487 composite?
False
Is 37101396047 prime?
True
Is 3452876689 a composite number?
True
Is 12481630671 a prime number?
False
Is 5981459581 a prime number?
False
Is 19525366019 a composite number?
False
Is 20145646457 composite?
True
Is 2255174989 prime?
False
Is 339090341 a composite number?
True
Is 1668134327 a composite number?
True
Is 23692549 composite?
False
Is 3620396581 a composite number?
True
Is 18735791131 composite?
False
Is 747770633 a prime number?
True
Is 8447236397 prime?
False
Is 28011987623 a composite number?
False
Is 52026521377 a composite number?
False
Is 1012224979 composite?
False
Is 3269925149 a prime number?
True
Is 12334789427 a composite number?
True
Is 112807321 a composite number?
True
Is 1855904051 prime?
True
Is 27987623 composite?
True
Is 1110885337 a prime number?
True
Is 3439001039 a composite number?
True
Is 1601942603 a prime number?
False
Is 54764453 a composite number?
False
Is 75872550989 composite?
True
Is 11441238274 prime?
False
Is 482787079 a composite number?
False
Is 1497467641 a prime number?
False
Is 45437586611 prime?
True
Is 37683923 a composite number?
False
Is 7317029389 a composite number?
True
Is 422836331 prime?
True
Is 281073491 composite?
True
Is 647385682 a composite number?
True
Is 940814657 composite?
True
Is 443557633 prime?
True
Is 11698279979 a prime number?
True
Is 115677100507 composite?
False
Is 103601579 prime?
True
Is 10977553913 prime?
False
Is 118641713 a composite number?
True
Is 3136156579 a prime number?
False
Is 21259577 prime?
False
Is 18826546843 a prime number?
False
Is 24017320499 a prime number?
True
Is 476851898437 composite?
False
Is 5193023101 a prime num